0941871 a composite number?
True
Is 110573101165 prime?
False
Is 502869137 a prime number?
True
Is 1461270689 a prime number?
True
Is 2671526033 a composite number?
True
Is 903764123 prime?
True
Is 132748432433 a prime number?
True
Is 241245094 a prime number?
False
Is 506592335 a composite number?
True
Is 39830736917 a prime number?
False
Is 21568569829 a prime number?
True
Is 9816833041 a composite number?
True
Is 4486662751 prime?
False
Is 15193933457 a composite number?
True
Is 157731643 a prime number?
False
Is 217604767 a prime number?
False
Is 201044957 a prime number?
False
Is 473965197 a prime number?
False
Is 612172447 prime?
False
Is 73545827681 composite?
False
Is 7062412414 composite?
True
Is 243133843 composite?
True
Is 32212359163 prime?
True
Is 2746501003 a prime number?
True
Is 18188137883 prime?
True
Is 194004704593 a prime number?
False
Is 618730727 a composite number?
False
Is 6280890697 prime?
True
Is 182962061 prime?
True
Is 953075507 prime?
False
Is 4196338411 prime?
False
Is 41135264061 composite?
True
Is 7038686093 a prime number?
True
Is 12438692239 a composite number?
False
Is 8606743021 prime?
True
Is 797079331 prime?
True
Is 13364347 a composite number?
False
Is 10820930397 prime?
False
Is 4497997027 composite?
False
Is 39540197659 a composite number?
True
Is 757114997 prime?
True
Is 2811076661 a composite number?
False
Is 6248768059 composite?
False
Is 433643257 prime?
True
Is 861824701 a composite number?
True
Is 647707603 composite?
False
Is 3550484407 a composite number?
False
Is 3162522379 a prime number?
False
Is 5121531619 prime?
False
Is 8183427181 a composite number?
False
Is 15925311709 a composite number?
False
Is 372110147 composite?
True
Is 15353090611 a composite number?
False
Is 14130952567 composite?
True
Is 350515477727 a prime number?
True
Is 47127683251 a composite number?
True
Is 2342789989 a composite number?
False
Is 91422596879 a prime number?
True
Is 36247901843 composite?
False
Is 18150270161 a prime number?
True
Is 28341571961 a composite number?
False
Is 2611681 a prime number?
False
Is 13640311499 composite?
False
Is 238705849 prime?
True
Is 6330690757 a composite number?
False
Is 185514991 a composite number?
False
Is 52521041449 a prime number?
False
Is 1055638981 prime?
False
Is 570847183 a prime number?
True
Is 22392000293 composite?
True
Is 947983171 prime?
True
Is 3686198591 a composite number?
False
Is 38898860587 prime?
True
Is 325107733 prime?
False
Is 6334426961 a prime number?
True
Is 4403315057 prime?
True
Is 5979559517 a composite number?
True
Is 231053887 composite?
False
Is 2142071933 prime?
False
Is 3482616523 a composite number?
False
Is 749075497 prime?
True
Is 14909385739 a prime number?
True
Is 303885370429 a prime number?
True
Is 13459468809 a prime number?
False
Is 59681579929 a composite number?
True
Is 2765984378 prime?
False
Is 4683339853 a prime number?
False
Is 69376563517 prime?
True
Is 2818398419 a composite number?
False
Is 8031243929 prime?
False
Is 1682133511 composite?
False
Is 4841758463 a composite number?
False
Is 22888508801 a prime number?
True
Is 42121474259 a prime number?
False
Is 618852911 a prime number?
True
Is 655021743 prime?
False
Is 7478932129 a composite number?
False
Is 10117945681 a composite number?
False
Is 473188307 a prime number?
True
Is 150822173 prime?
False
Is 63798911083 a prime number?
True
Is 3410159201 a composite number?
True
Is 24799857769 a composite number?
True
Is 94998383 a composite number?
False
Is 2164462417 a prime number?
False
Is 62853279523 a composite number?
False
Is 123390015461 prime?
True
Is 2093321173 composite?
False
Is 39657001 prime?
True
Is 15019128157 a composite number?
True
Is 50711026717 prime?
False
Is 6359112889 a composite number?
True
Is 4065652933 a composite number?
False
Is 6809449573 prime?
True
Is 1231309529 prime?
True
Is 3520582319 a composite number?
True
Is 29416113149 a prime number?
False
Is 53888537 a prime number?
True
Is 530593429 a prime number?
True
Is 72918849 a prime number?
False
Is 193766311 a prime number?
False
Is 117947867 composite?
False
Is 10578541541 prime?
True
Is 5353155761 prime?
True
Is 18463192837 prime?
False
Is 46683965063 prime?
True
Is 60890629 a prime number?
True
Is 892059838 a composite number?
True
Is 23047788301 a composite number?
True
Is 2175568943 composite?
False
Is 35483942953 composite?
False
Is 439109273 a composite number?
True
Is 287714299 a prime number?
False
Is 5040107673 prime?
False
Is 31739381627 prime?
True
Is 1329970823 a composite number?
False
Is 587085079 composite?
True
Is 2013431629 composite?
True
Is 187078301 a composite number?
False
Is 395039311 prime?
False
Is 3488048126 composite?
True
Is 160987679 composite?
False
Is 5137583741 composite?
True
Is 91583227661 composite?
True
Is 812545273 a composite number?
False
Is 15654362749 prime?
False
Is 108298349 a prime number?
True
Is 54816318751 prime?
False
Is 51485937323 a prime number?
False
Is 93395633 a prime number?
True
Is 9412422277 a composite number?
False
Is 25304405573 prime?
False
Is 562284623 a prime number?
True
Is 36622902601 composite?
False
Is 1419435091 a composite number?
False
Is 55279979 composite?
True
Is 1555037303 prime?
True
Is 98527723123 a prime number?
False
Is 827381741 prime?
True
Is 535584683 prime?
True
Is 324196463 a prime number?
True
Is 385383368177 prime?
True
Is 2534929 prime?
False
Is 11092042151 prime?
False
Is 10465979057 a composite number?
True
Is 9683821327 prime?
False
Is 83579425827 a prime number?
False
Is 6602440807 a composite number?
True
Is 18906191467 a composite number?
False
Is 1239236807 a prime number?
False
Is 3231066659 a prime number?
False
Is 4213561211 composite?
True
Is 10904725697 composite?
False
Is 19753919507 a composite number?
True
Is 746742461 a composite number?
True
Is 1443241427 prime?
True
Is 26212375807 composite?
False
Is 627616207 a prime number?
True
Is 22026983 composite?
True
Is 299916457 composite?
True
Is 59863145 prime?
False
Is 1113898793 a composite number?
True
Is 1044823217 a composite number?
False
Is 2029165343 composite?
True
Is 832691393 a composite number?
False
Is 51776743 composite?
False
Is 224258899 a prime number?
True
Is 215923859 prime?
True
Is 12255783433 a prime number?
False
Is 1001739709 a prime number?
True
Is 154774430557 a composite number?
False
Is 1057809889 a prime number?
True
Is 135139112989 composite?
True
Is 25937793647 composite?
False
Is 59294005 a composite number?
True
Is 836437037 composite?
True
Is 14329648973 composite?
True
Is 523507619 a prime number?
True
Is 22191362 a composite number?
True
Is 1122675611 composite?
False
Is 308304959 composite?
True
Is 486024041 a prime number?
True
Is 1038093611 a prime number?
True
Is 21046282057 prime?
True
Is 696947077 composite?
False
Is 105301338073 a composite number?
True
Is 326077211 a prime number?
False
Is 762986501 composite?
False
Is 3735744937 composite?
False
Is 1387858603 prime?
False
Is 34170211451 prime?
True
Is 643527907 composite?
True
Is 8063982961 prime?
True
Is 3521808181 composite?
True
Is 60565482329 a prime number?
False
Is 2157137299 a composite number?
False
Is 17069779621 a composite number?
True
Is 213228341 a prime number?
False
Is 33975115547 a composite number?
True
Is 1598877787 composite?
True
Is 2244801131 composite?
False
Is 630873121 prime?
True
Is 5097216283 prime?
True
Is 1953672407 a composite number?
False
Is 1789543529 a composite number?
False
Is 3617407049 a composite number?
False
Is 2071242883 prime?
True
Is 739437677 prime?
False
Is 135833933737 a composite number?
False
Is 3601988131 composite?
True
Is 39684028547 composite?
False
Is 88366640807 a prime number?
False
Is 9712150589 prime?
True
Is 159754795639 composite?
True
Is 6136937461 a composite number?
False
Is 207950653 a composite number?
False
Is 83787406207 prime?
True
Is 5404740281 a prime number?
True
Is 15899746781 composite?
False
Is 16424347529 prime?
True
Is 203932241 a prime number?
True
Is 17172086849 prime?
False
Is 35260097063 a prime number?
False
Is 1222032731 prime?
True
Is 28876745 a prime number?
False
Is 26786210961 composite?
True
Is 1509061831 a prime number?
False
Is 3819649391 a composite number?
Tr